d 14850.
22
Calculate the highest common factor of 42 and 84.
42
Calculate the greatest common factor of 15 and 795.
15
Calculate the greatest common divisor of 9 and 19971.
9
Calculate the greatest common divisor of 378 and 54.
54
What is the greatest common factor of 4299 and 3?
3
What is the greatest common divisor of 36 and 45?
9
Calculate the greatest common factor of 119 and 17.
17
Calculate the greatest common divisor of 2 and 58.
2
What is the greatest common divisor of 264 and 99?
33
Calculate the highest common factor of 650 and 520.
130
What is the greatest common factor of 1118 and 26?
26
What is the highest common factor of 448 and 2464?
224
Calculate the greatest common factor of 189 and 621.
27
Calculate the highest common factor of 558 and 248.
62
Calculate the greatest common factor of 146 and 365.
73
What is the greatest common divisor of 1790 and 10?
10
Calculate the highest common divisor of 43 and 4687.
43
Calculate the greatest common divisor of 7 and 1099.
7
Calculate the highest common factor of 65 and 7085.
65
Calculate the highest common factor of 255 and 272.
17
Calculate the highest common factor of 1170 and 65.
65
Calculate the greatest common factor of 836 and 152.
76
What is the highest common factor of 133 and 63?
7
Calculate the greatest common factor of 19901 and 7.
7
What is the highest common divisor of 14 and 476?
14
What is the greatest common factor of 2574 and 1092?
78
What is the greatest common factor of 8 and 2?
2
What is the highest common divisor of 138 and 18?
6
What is the greatest common factor of 15 and 25?
5
What is the greatest common factor of 290 and 10?
10
Calculate the highest common factor of 8 and 24.
8
What is the highest common divisor of 270 and 720?
90
Calculate the highest common divisor of 19 and 2793.
19
Calculate the highest common divisor of 232 and 58.
58
Calculate the greatest common factor of 125 and 14125.
125
Calculate the highest common divisor of 1407 and 804.
201
Calculate the highest common divisor of 96 and 9708.
12
Calculate the greatest common divisor of 1603 and 1832.
229
Calculate the highest common divisor of 5 and 120.
5
Calculate the highest common divisor of 68 and 2941.
17
What is the greatest common factor of 54 and 10116?
18
What is the greatest common factor of 5734 and 1342?
122
Calculate the highest common divisor of 1025 and 125.
25
Calculate the greatest common factor of 32 and 6264.
8
What is the highest common divisor of 324 and 1908?
36
Calculate the highest common divisor of 12 and 24.
12
Calculate the highest common factor of 185 and 333.
37
What is the greatest common divisor of 1632 and 255?
51
Calculate the highest common divisor of 1245 and 12699.
249
Calculate the greatest common divisor of 288 and 128.
32
Calculate the greatest common factor of 97 and 1552.
97
Calculate the highest common factor of 1 and 29.
1
Calculate the highest common factor of 1505 and 20.
5
What is the highest common divisor of 1379 and 7?
7
Calculate the highest common divisor of 84 and 12.
12
What is the highest common factor of 68 and 3383?
17
Calculate the highest common divisor of 63 and 20853.
63
What is the greatest common factor of 3712 and 29?
29
What is the highest common divisor of 981 and 436?
109
Calculate the greatest common factor of 41473 and 67.
67
Calculate the greatest common factor of 111 and 204.
3
Calculate the greatest common factor of 1 and 109.
1
Calculate the highest common factor of 364 and 84.
28
What is the greatest common divisor of 70 and 98?
14
What is the highest common factor of 1781 and 13?
13
Calculate the highest common divisor of 7808 and 183.
61
Calculate the highest common divisor of 222 and 12.
6
Calculate the greatest common divisor of 3239 and 82.
41
What is the highest common factor of 12 and 12?
12
Calculate the greatest common divisor of 91 and 52.
13
Calculate the greatest common factor of 2072 and 56.
56
What is the greatest common divisor of 2172 and 12?
12
What is the greatest common divisor of 120 and 600?
120
Calculate the highest common factor of 182 and 11466.
182
Calculate the highest common factor of 496 and 32.
16
Calculate the greatest common divisor of 126 and 154.
14
Calculate the highest common divisor of 2660 and 196.
28
Calculate the greatest common divisor of 1271 and 31.
31
Calculate the greatest common factor of 21 and 63.
21
What is the greatest common divisor of 135 and 54?
27
Calculate the greatest common divisor of 3100 and 60.
20
Calculate the highest common divisor of 16940 and 44.
44
What is the greatest common divisor of 112 and 6244?
28
What is the greatest common factor of 345 and 276?
69
What is the highest common factor of 68 and 17?
17
Calculate the greatest common factor of 161 and 46.
23
What is the greatest common divisor of 58 and 10?
2
Calculate the greatest common factor of 4 and 236.
4
Calculate the greatest common factor of 4 and 44.
4
Calculate the greatest common divisor of 88 and 66.
22
Calculate the greatest common factor of 296 and 259.
37
What is the highest common factor of 15 and 30?
15
What is the highest common factor of 10722 and 6?
6
What is the greatest common factor of 11 and 1342?
11
What is the highest common divisor of 203 and 19169?
29
What is the highest common divisor of 332 and 1411?
83
What is the greatest common factor of 1824 and 38?
38
What is the highest common factor of 256 and 8?
8
What is the greatest common divisor of 2080 and 65?
65
Calculate the greatest common factor of 10 and 2090.
10
Calculate the greatest common divisor of 9 and 549.
9
Calculate the highest common divisor of 23 and 828.
23
Calculate the highest common factor of 4525 and 724.
181
What is the highest common factor of 273 and 728?
91
What is the highest common divisor of 4968 and 1296?
216
What is the highest common divisor of 7626 and 1488?
186
Calculate the highest common factor of 6 and 20.
2
Calculate the highest common factor of 406 and 14.
14
Calculate the highest common divisor of 144 and 264.
24
What is the greatest common factor of 296 and 999?
37
What is the greatest common divisor of 15 and 2283?
3
What is the highest common factor of 9368 and 40?
8
What is the greatest common factor of 51 and 1717?
17
Calculate the greatest common divisor of 238 and 34.
34
Calculate the highest common divisor of 63 and 5796.
63
What is the greatest common factor of 2356 and 228?
76
Calculate the highest common divisor of 24 and 184.
8
What is the highest common factor of 594 and 22?
22
Calculate the highest common factor of 272 and 16.
16
Calculate the greatest common divisor of 7135 and 5.
5
Calculate the greatest common factor of 1505 and 387.
43
What is the greatest common factor of 1 and 64?
1
What is the greatest common divisor of 16195 and 205?
205
Calculate the greatest common factor of 149 and 7301.
149
Calculate the highest common divisor of 55 and 550.
55
What is the highest common factor of 3276 and 6?
6
Calculate the highest common divisor of 117 and 4.
1
Calculate the highest common factor of 238 and 544.
34
What is the greatest common divisor of 801 and 13884?
267
Calculate the greatest common factor of 3772 and 328.
164
Calculate the greatest common divisor of 232 and 2842.
58
What is the highest common factor of 140 and 812?
28
What is the greatest common divisor of 4768 and 112?
16
What is the greatest common factor of 309 and 412?
103
What is the highest common divisor of 24 and 11576?
8
Calculate the greatest common factor of 265 and 15953.
53
Calculate the greatest common divisor of 36 and 76.
4
Calculate the greatest common factor of 9747 and 399.
57
Calculate the greatest common factor of 74 and 11137.
37
Calculate the highest common factor of 925 and 37.
37
Calculate the greatest common divisor of 21 and 8267.
7
Calculate the highest common factor of 816 and 114.
6
Calculate the greatest common factor of 10 and 665.
5
What is the greatest common divisor of 22 and 27764?
22
Calculate the highest common divisor of 105 and 1134.
21
Calculate the greatest common factor of 45 and 8577.
9
What is the greatest common factor of 47 and 3337?
47
Calculate the greatest common factor of 33 and 528.
33
What is the greatest common divisor of 437 and 184?
23
Calculate the great